{"id":3947,"date":"2021-11-20T09:31:44","date_gmt":"2021-11-20T08:31:44","guid":{"rendered":"https:\/\/erzaehlbistro.ch\/event\/eroeffnung-kulturelle-reihe\/"},"modified":"2021-11-20T09:31:44","modified_gmt":"2021-11-20T08:31:44","slug":"eroeffnung-kulturelle-reihe","status":"publish","type":"tribe_events","link":"https:\/\/erzaehlbistro.ch\/fr\/event\/eroeffnung-kulturelle-reihe\/","title":{"rendered":"Er\u00f6ffnung kulturelle Reihe"},"content":{"rendered":"<div class=\"page\" title=\"Page 1\">\n<div class=\"section\">\n<div class=\"layoutArea\">\n<div class=\"column\">\n<div class=\"page\" title=\"Page 1\">\n<div class=\"section\">\n<div class=\"layoutArea\">\n<div class=\"column\">\n<div class=\"page\" title=\"Page 1\">\n<div class=\"section\">\n<div class=\"layoutArea\">\n<div class=\"column\">\n<p>Kulturagenda \u2013 unsere Anla\u0308sse fu\u0308r Euch!<\/p>\n<p>Viele von Euch nutzen das Handy oder den Computer. Gut so! Denn nun starten wir mit unserer Kulturagenda eine digitale Veranstaltungsreihe.<\/p>\n<\/div>\n<\/div>\n<\/div>\n<\/div>\n<p>Wie gerne wu\u0308rden wir wieder einmal ins Kino, ins Konzert, in ein Restaurant oder an eine Lesung!<\/p>\n<p>Wir vom Erza\u0308hlbistro mo\u0308chten euch solche Seelennahrung zur Verfu\u0308gung stellen. Im April gibt es zwei kulturelle Veranstaltungen extra fu\u0308r Euch. Das Einzige, was Ihr braucht, ist ein Computer oder ein Handy. Der jeweilige Link wird am Veranstaltungstag auf unserer Homepage www.erzaehlbistro.ch aufgeschaltet. Im Laufe dieses Jahres gibt es dann weitere solche kulturelle Veranstaltungen.<\/p>\n<\/div>\n<\/div>\n<\/div>\n<\/div>\n<p>Guido Fluri soll diese kulturelle Reihe ero\u0308ffnen. Er erza\u0308hlt, wie das Engagement fu\u0308r die Betroffenen von fu\u0308rsorgerischen Zwangsmassnahmen weitergeht, warum die Schweizer Aufarbeitung der Geschichte auch fu\u0308r Europa ein Vorbild sein kann und wann das langersehnte Sommerfest \u00abendlich\u00bb durchgefu\u0308hrt werden kann.<\/p>\n<\/div>\n<div class=\"page\" title=\"Page 1\">\n<div class=\"section\">\n<div class=\"layoutArea\">\n<div class=\"column\">\n<p>Der zweite kulturelle Event ist ein Konzert von Ce\u0301ment Wieilly. Auch bekannt unter seinem Namen \u00bbLe Petit Cle\u0301ment\u00bb. Mit seiner sonoren Stimme singt er scho\u0308ne, traurige und lustige franzo\u0308sische Chansons.<\/p>\n<p>Datum: 29. April 2021 um 18 Uhr.<\/p>\n<\/div>\n<\/div>\n<\/div>\n<\/div>\n<\/div>\n<\/div>\n<\/div>\n","protected":false},"excerpt":{"rendered":"<p>Kulturagenda \u2013 unsere Anla\u0308sse fu\u0308r Euch! Viele von Euch nutzen das Handy oder den Computer. Gut so! Denn nun starten wir mit unserer&#8230;<\/p>\n","protected":false},"author":4,"featured_media":0,"template":"","meta":{"_price":"","_stock":"","_tribe_ticket_header":"","_tribe_default_ticket_provider":"","_tribe_ticket_capacity":"0","_ticket_start_date":"","_ticket_end_date":"","_tribe_ticket_show_description":"","_tribe_ticket_show_not_going":false,"_tribe_ticket_use_global_stock":"","_tribe_ticket_global_stock_level":"","_global_stock_mode":"","_global_stock_cap":"","_tribe_rsvp_for_event":"","_tribe_ticket_going_count":"","_tribe_ticket_not_going_count":"","_tribe_tickets_list":"[]","_tribe_ticket_has_attendee_info_fields":false,"_tribe_events_status":"","_tribe_events_status_reason":"","footnotes":"","_tec_slr_enabled":"","_tec_slr_layout":""},"tags":[],"tribe_events_cat":[],"yoast_head":"<!-- This site is optimized with the Yoast SEO plugin v24.4 - https:\/\/yoast.com\/wordpress\/plugins\/seo\/ -->\n<title>Er\u00f6ffnung kulturelle Reihe | Erz\u00e4hlbistro<\/title>\n<meta name=\"robots\" content=\"index, follow, max-snippet:-1, max-image-preview:large, max-video-preview:-1\" \/>\n<link rel=\"canonical\" href=\"https:\/\/erzaehlbistro.ch\/fr\/event\/eroeffnung-kulturelle-reihe\/\" \/>\n<meta property=\"og:locale\" content=\"fr_FR\" \/>\n<meta property=\"og:type\" content=\"article\" \/>\n<meta property=\"og:title\" content=\"Er\u00f6ffnung kulturelle Reihe | Erz\u00e4hlbistro\" \/>\n<meta property=\"og:description\" content=\"Kulturagenda \u2013 unsere Anla\u0308sse fu\u0308r Euch! Viele von Euch nutzen das Handy oder den Computer. Gut so! Denn nun starten wir mit unserer...\" \/>\n<meta property=\"og:url\" content=\"https:\/\/erzaehlbistro.ch\/fr\/event\/eroeffnung-kulturelle-reihe\/\" \/>\n<meta property=\"og:site_name\" content=\"Erz\u00e4hlbistro\" \/>\n<meta name=\"twitter:card\" content=\"summary_large_image\" \/>\n<meta name=\"twitter:label1\" content=\"Dur\u00e9e de lecture estim\u00e9e\" \/>\n\t<meta name=\"twitter:data1\" content=\"1 minute\" \/>\n<script type=\"application\/ld+json\" class=\"yoast-schema-graph\">{\"@context\":\"https:\/\/schema.org\",\"@graph\":[{\"@type\":\"WebPage\",\"@id\":\"https:\/\/erzaehlbistro.ch\/fr\/event\/eroeffnung-kulturelle-reihe\/\",\"url\":\"https:\/\/erzaehlbistro.ch\/fr\/event\/eroeffnung-kulturelle-reihe\/\",\"name\":\"Er\u00f6ffnung kulturelle Reihe | Erz\u00e4hlbistro\",\"isPartOf\":{\"@id\":\"https:\/\/erzaehlbistro.ch\/fr\/#website\"},\"datePublished\":\"2021-11-20T08:31:44+00:00\",\"breadcrumb\":{\"@id\":\"https:\/\/erzaehlbistro.ch\/fr\/event\/eroeffnung-kulturelle-reihe\/#breadcrumb\"},\"inLanguage\":\"fr-FR\",\"potentialAction\":[{\"@type\":\"ReadAction\",\"target\":[\"https:\/\/erzaehlbistro.ch\/fr\/event\/eroeffnung-kulturelle-reihe\/\"]}]},{\"@type\":\"BreadcrumbList\",\"@id\":\"https:\/\/erzaehlbistro.ch\/fr\/event\/eroeffnung-kulturelle-reihe\/#breadcrumb\",\"itemListElement\":[{\"@type\":\"ListItem\",\"position\":1,\"name\":\"Home\",\"item\":\"https:\/\/erzaehlbistro.ch\/fr\/\"},{\"@type\":\"ListItem\",\"position\":2,\"name\":\"\u00c9v\u00e8nements\",\"item\":\"https:\/\/erzaehlbistro.ch\/fr\/events\/\"},{\"@type\":\"ListItem\",\"position\":3,\"name\":\"Er\u00f6ffnung kulturelle Reihe\"}]},{\"@type\":\"WebSite\",\"@id\":\"https:\/\/erzaehlbistro.ch\/fr\/#website\",\"url\":\"https:\/\/erzaehlbistro.ch\/fr\/\",\"name\":\"Erz\u00e4hlbistro\",\"description\":\"Ein Begegnungsort f\u00fcr die Betroffenen f\u00fcrsorgerischer Zwangsmassnahmen\",\"publisher\":{\"@id\":\"https:\/\/erzaehlbistro.ch\/fr\/#organization\"},\"potentialAction\":[{\"@type\":\"SearchAction\",\"target\":{\"@type\":\"EntryPoint\",\"urlTemplate\":\"https:\/\/erzaehlbistro.ch\/fr\/?s={search_term_string}\"},\"query-input\":{\"@type\":\"PropertyValueSpecification\",\"valueRequired\":true,\"valueName\":\"search_term_string\"}}],\"inLanguage\":\"fr-FR\"},{\"@type\":\"Organization\",\"@id\":\"https:\/\/erzaehlbistro.ch\/fr\/#organization\",\"name\":\"Erz\u00e4hlbistro\",\"url\":\"https:\/\/erzaehlbistro.ch\/fr\/\",\"logo\":{\"@type\":\"ImageObject\",\"inLanguage\":\"fr-FR\",\"@id\":\"https:\/\/erzaehlbistro.ch\/fr\/#\/schema\/logo\/image\/\",\"url\":\"https:\/\/erzaehlbistro.ch\/wp-content\/uploads\/2021\/10\/logo-retina.png\",\"contentUrl\":\"https:\/\/erzaehlbistro.ch\/wp-content\/uploads\/2021\/10\/logo-retina.png\",\"width\":468,\"height\":120,\"caption\":\"Erz\u00e4hlbistro\"},\"image\":{\"@id\":\"https:\/\/erzaehlbistro.ch\/fr\/#\/schema\/logo\/image\/\"}}]}<\/script>\n<!-- \/ Yoast SEO plugin. -->","yoast_head_json":{"title":"Er\u00f6ffnung kulturelle Reihe | Erz\u00e4hlbistro","robots":{"index":"index","follow":"follow","max-snippet":"max-snippet:-1","max-image-preview":"max-image-preview:large","max-video-preview":"max-video-preview:-1"},"canonical":"https:\/\/erzaehlbistro.ch\/fr\/event\/eroeffnung-kulturelle-reihe\/","og_locale":"fr_FR","og_type":"article","og_title":"Er\u00f6ffnung kulturelle Reihe | Erz\u00e4hlbistro","og_description":"Kulturagenda \u2013 unsere Anla\u0308sse fu\u0308r Euch! Viele von Euch nutzen das Handy oder den Computer. Gut so! Denn nun starten wir mit unserer...","og_url":"https:\/\/erzaehlbistro.ch\/fr\/event\/eroeffnung-kulturelle-reihe\/","og_site_name":"Erz\u00e4hlbistro","twitter_card":"summary_large_image","twitter_misc":{"Dur\u00e9e de lecture estim\u00e9e":"1 minute"},"schema":{"@context":"https:\/\/schema.org","@graph":[{"@type":"WebPage","@id":"https:\/\/erzaehlbistro.ch\/fr\/event\/eroeffnung-kulturelle-reihe\/","url":"https:\/\/erzaehlbistro.ch\/fr\/event\/eroeffnung-kulturelle-reihe\/","name":"Er\u00f6ffnung kulturelle Reihe | Erz\u00e4hlbistro","isPartOf":{"@id":"https:\/\/erzaehlbistro.ch\/fr\/#website"},"datePublished":"2021-11-20T08:31:44+00:00","breadcrumb":{"@id":"https:\/\/erzaehlbistro.ch\/fr\/event\/eroeffnung-kulturelle-reihe\/#breadcrumb"},"inLanguage":"fr-FR","potentialAction":[{"@type":"ReadAction","target":["https:\/\/erzaehlbistro.ch\/fr\/event\/eroeffnung-kulturelle-reihe\/"]}]},{"@type":"BreadcrumbList","@id":"https:\/\/erzaehlbistro.ch\/fr\/event\/eroeffnung-kulturelle-reihe\/#breadcrumb","itemListElement":[{"@type":"ListItem","position":1,"name":"Home","item":"https:\/\/erzaehlbistro.ch\/fr\/"},{"@type":"ListItem","position":2,"name":"\u00c9v\u00e8nements","item":"https:\/\/erzaehlbistro.ch\/fr\/events\/"},{"@type":"ListItem","position":3,"name":"Er\u00f6ffnung kulturelle Reihe"}]},{"@type":"WebSite","@id":"https:\/\/erzaehlbistro.ch\/fr\/#website","url":"https:\/\/erzaehlbistro.ch\/fr\/","name":"Erz\u00e4hlbistro","description":"Ein Begegnungsort f\u00fcr die Betroffenen f\u00fcrsorgerischer Zwangsmassnahmen","publisher":{"@id":"https:\/\/erzaehlbistro.ch\/fr\/#organization"},"potentialAction":[{"@type":"SearchAction","target":{"@type":"EntryPoint","urlTemplate":"https:\/\/erzaehlbistro.ch\/fr\/?s={search_term_string}"},"query-input":{"@type":"PropertyValueSpecification","valueRequired":true,"valueName":"search_term_string"}}],"inLanguage":"fr-FR"},{"@type":"Organization","@id":"https:\/\/erzaehlbistro.ch\/fr\/#organization","name":"Erz\u00e4hlbistro","url":"https:\/\/erzaehlbistro.ch\/fr\/","logo":{"@type":"ImageObject","inLanguage":"fr-FR","@id":"https:\/\/erzaehlbistro.ch\/fr\/#\/schema\/logo\/image\/","url":"https:\/\/erzaehlbistro.ch\/wp-content\/uploads\/2021\/10\/logo-retina.png","contentUrl":"https:\/\/erzaehlbistro.ch\/wp-content\/uploads\/2021\/10\/logo-retina.png","width":468,"height":120,"caption":"Erz\u00e4hlbistro"},"image":{"@id":"https:\/\/erzaehlbistro.ch\/fr\/#\/schema\/logo\/image\/"}}]}},"ticketed":false,"_links":{"self":[{"href":"https:\/\/erzaehlbistro.ch\/fr\/wp-json\/wp\/v2\/tribe_events\/3947"}],"collection":[{"href":"https:\/\/erzaehlbistro.ch\/fr\/wp-json\/wp\/v2\/tribe_events"}],"about":[{"href":"https:\/\/erzaehlbistro.ch\/fr\/wp-json\/wp\/v2\/types\/tribe_events"}],"author":[{"embeddable":true,"href":"https:\/\/erzaehlbistro.ch\/fr\/wp-json\/wp\/v2\/users\/4"}],"version-history":[{"count":0,"href":"https:\/\/erzaehlbistro.ch\/fr\/wp-json\/wp\/v2\/tribe_events\/3947\/revisions"}],"wp:attachment":[{"href":"https:\/\/erzaehlbistro.ch\/fr\/wp-json\/wp\/v2\/media?parent=3947"}],"wp:term":[{"taxonomy":"post_tag","embeddable":true,"href":"https:\/\/erzaehlbistro.ch\/fr\/wp-json\/wp\/v2\/tags?post=3947"},{"taxonomy":"tribe_events_cat","embeddable":true,"href":"https:\/\/erzaehlbistro.ch\/fr\/wp-json\/wp\/v2\/tribe_events_cat?post=3947"}],"curies":[{"name":"wp","href":"https:\/\/api.w.org\/{rel}","templated":true}]}}

Eröffnung kulturelle Reihe

<!-- This site is optimized with the Yoast SEO plugin v24.4 - https://yoast.com/wordpress/plugins/seo/ -->
<title>Eröffnung kulturelle Reihe | Erzählbistro</title>
<meta name="robots" content="index, follow, max-snippet:-1, max-image-preview:large, max-video-preview:-1" />
<link rel="canonical" href="https://erzaehlbistro.ch/fr/event/eroeffnung-kulturelle-reihe/" />
<meta property="og:locale" content="fr_FR" />
<meta property="og:type" content="article" />
<meta property="og:title" content="Eröffnung kulturelle Reihe | Erzählbistro" />
<meta property="og:description" content="Kulturagenda – unsere Anlässe für Euch! Viele von Euch nutzen das Handy oder den Computer. Gut so! Denn nun starten wir mit unserer..." />
<meta property="og:url" content="https://erzaehlbistro.ch/fr/event/eroeffnung-kulturelle-reihe/" />
<meta property="og:site_name" content="Erzählbistro" />
<meta name="twitter:card" content="summary_large_image" />
<meta name="twitter:label1" content="Durée de lecture estimée" />
	<meta name="twitter:data1" content="1 minute" />
<script type="application/ld+json" class="yoast-schema-graph">{"@context":"https://schema.org","@graph":[{"@type":"WebPage","@id":"https://erzaehlbistro.ch/fr/event/eroeffnung-kulturelle-reihe/","url":"https://erzaehlbistro.ch/fr/event/eroeffnung-kulturelle-reihe/","name":"Eröffnung kulturelle Reihe | Erzählbistro","isPartOf":{"@id":"https://erzaehlbistro.ch/fr/#website"},"datePublished":"2021-11-20T08:31:44+00:00","breadcrumb":{"@id":"https://erzaehlbistro.ch/fr/event/eroeffnung-kulturelle-reihe/#breadcrumb"},"inLanguage":"fr-FR","potentialAction":[{"@type":"ReadAction","target":["https://erzaehlbistro.ch/fr/event/eroeffnung-kulturelle-reihe/"]}]},{"@type":"BreadcrumbList","@id":"https://erzaehlbistro.ch/fr/event/eroeffnung-kulturelle-reihe/#breadcrumb","itemListElement":[{"@type":"ListItem","position":1,"name":"Home","item":"https://erzaehlbistro.ch/fr/"},{"@type":"ListItem","position":2,"name":"Évènements","item":"https://erzaehlbistro.ch/fr/events/"},{"@type":"ListItem","position":3,"name":"Eröffnung kulturelle Reihe"}]},{"@type":"WebSite","@id":"https://erzaehlbistro.ch/fr/#website","url":"https://erzaehlbistro.ch/fr/","name":"Erzählbistro","description":"Ein Begegnungsort für die Betroffenen fürsorgerischer Zwangsmassnahmen","publisher":{"@id":"https://erzaehlbistro.ch/fr/#organization"},"potentialAction":[{"@type":"SearchAction","target":{"@type":"EntryPoint","urlTemplate":"https://erzaehlbistro.ch/fr/?s={search_term_string}"},"query-input":{"@type":"PropertyValueSpecification","valueRequired":true,"valueName":"search_term_string"}}],"inLanguage":"fr-FR"},{"@type":"Organization","@id":"https://erzaehlbistro.ch/fr/#organization","name":"Erzählbistro","url":"https://erzaehlbistro.ch/fr/","logo":{"@type":"ImageObject","inLanguage":"fr-FR","@id":"https://erzaehlbistro.ch/fr/#/schema/logo/image/","url":"https://erzaehlbistro.ch/wp-content/uploads/2021/10/logo-retina.png","contentUrl":"https://erzaehlbistro.ch/wp-content/uploads/2021/10/logo-retina.png","width":468,"height":120,"caption":"Erzählbistro"},"image":{"@id":"https://erzaehlbistro.ch/fr/#/schema/logo/image/"}}]}</script>
<!-- / Yoast SEO plugin. -->

Eröffnung kulturelle Reihe | Erzählbistro

Erzählbistro

Évènements

Ein Begegnungsort für die Betroffenen fürsorgerischer Zwangsmassnahmen
