{"id":3950,"date":"2021-11-20T09:33:17","date_gmt":"2021-11-20T08:33:17","guid":{"rendered":"https:\/\/erzaehlbistro.ch\/event\/ich-habe-gezeigt-dass-ich-es-gut-kann-erzaehlbistro-in-luzern\/"},"modified":"2021-11-20T09:33:17","modified_gmt":"2021-11-20T08:33:17","slug":"ich-habe-gezeigt-dass-ich-es-gut-kann-erzaehlbistro-in-luzern","status":"publish","type":"tribe_events","link":"https:\/\/erzaehlbistro.ch\/fr\/event\/ich-habe-gezeigt-dass-ich-es-gut-kann-erzaehlbistro-in-luzern\/","title":{"rendered":"Ich habe gezeigt, dass ich es gut kann &#8211; Erz\u00e4hlbistro in Luzern"},"content":{"rendered":"<p class=\"p1\"><span class=\"s1\"><b>In der Innerschweiz sind fast 40 Betroffene zusammengekommen und haben \u00fcber das Thema \u00abBeruf und Berufung\u00bb diskutiert. Dabei zeigt sich, wie wichtig die t\u00e4gliche Arbeit f\u00fcr das Selbstvertrauen und ein selbstbestimmtes Leben ist.<\/b><\/span><\/p>\n<p>Ein wunderbarer Herbsttag hat die Betroffenen diesmal nach Luzern gebracht. \u00abDiese Treffen sind wichtig f\u00fcr meine Psyche\u00bb, meinte eine Frau, die trotz Corona einen langen Weg auf sich genommen hatte, um beim Austausch unterdabei zu sein. Auf einer Dachterrasse, die Sonne im Gesicht, nahm man Kaffee und Geb\u00e4ck zu sich, lernte neue Gesichter kennen, bevor man mit einer Fabel ins Thema des Tages eingestimmt wurde: \u00abBeruf und Berufung\u00bb.<\/p>\n<p class=\"p1\"><span class=\"s1\">In kleinen Gruppen diskutierten die G\u00e4ste \u00fcber die Bedeutung der t\u00e4glichen Arbeit. Gerade weil vielen Betroffenen in ihrer Jugend eingebl\u00e4ut wurde, dass sie &#8211; mit ihrem schweren Rucksack &#8211; kaum erfolgreich sein k\u00f6nnten, hatte die t\u00e4gliche Arbeit f\u00fcr diese Menschen eine besondere Bedeutung. Man konnte zeigen, was man kann, erz\u00e4hlte ein Mann, dass man sehr wohl erfolgreich sein konnte, und er erg\u00e4nzte, dass der Lohn der Arbeit die finanzielle und geistige Unabh\u00e4ngigkeit war. Die Arbeit hatte auch eine wichtige soziale Bedeutung. Eine Frau berichtete in der Gruppe von den gemeinsamen Essenspausen bei der Arbeit und dem Gef\u00fchl, zu einer \u00abFamilie\u00bb zu geh\u00f6ren, wenn das Essen gerecht ausgesch\u00f6pft wurde.<\/span><\/p>\n<p class=\"p1\"><span class=\"s1\">Heute sind viele Betroffene bereits pensioniert, aber die Arbeit geht nicht aus. F\u00fcr die einen ist die Betreuung der Enkelkinder inzwischen zentral geworden. \u00abIch kann es gut mit Kindern\u00bb, sagte eine Frau stolz. \u00abIch verwirkliche mich beim Kochen\u00bb, meinte eine andere. \u00abUnd ich dr\u00fccke mich beim Malen aus\u00bb, erz\u00e4hlte eine Dritte, w\u00e4hrend die Gruppe eines ihrer Bilder bewunderte. Viele Betroffene sind heute in vielf\u00e4ltiger Weise kreativ und nutzen ihr K\u00f6nnen und ihre Ideen, um Neues zu entwickeln, zu entdecken und zu erfahren.<\/span><\/p>\n<p class=\"p1\"><span class=\"s1\">Beim reichhaltigen Mittagessen entstanden nicht nur gute Gespr\u00e4che untereinander, sondern wiederum auch neue Bekanntschaften. F\u00fcr die zahlreichen G\u00e4ste war es ein Gl\u00fcck, dass man trotz Corona zusammengekommen war. Auch wenn man ein bisschen weiter auseinander sass und teilweise mit Maske unterwegs war \u2013 man stand sich immer sehr nahe. Man sch\u00f6pfte Kraft f\u00fcr K\u00f6rper und Geist, vor allem aber auch f\u00fcr die t\u00e4gliche Arbeit, die ansteht.<\/span><\/p>\n<p>&nbsp;<\/p>\n<p class=\"p1\"><span class=\"s1\">Ein Eindruck des Tages findet sich in diesem Video:<\/span><\/p>\n<p>&nbsp;<\/p>\n<div style=\"width: 640px;\" class=\"wp-video\"><!--[if lt IE 9]><script>document.createElement('video');<\/script><![endif]-->\n<video class=\"wp-video-shortcode\" id=\"video-3950-1\" width=\"640\" height=\"360\" autoplay=\"1\" preload=\"metadata\" controls=\"controls\"><source type=\"video\/mp4\" src=\"https:\/\/erzaehlbistro.ch\/wp-content\/uploads\/2020\/09\/Mein-Film-4.mp4?_=1\" \/><a href=\"https:\/\/erzaehlbistro.ch\/wp-content\/uploads\/2020\/09\/Mein-Film-4.mp4\">https:\/\/erzaehlbistro.ch\/wp-content\/uploads\/2020\/09\/Mein-Film-4.mp4<\/a><\/video><\/div>\n<p class=\"p1\"><span class=\"s1\"> <\/span><\/p>\n","protected":false},"excerpt":{"rendered":"<p>In der Innerschweiz sind fast 40 Betroffene zusammengekommen&#8230;<\/p>\n","protected":false},"author":4,"featured_media":0,"template":"","meta":{"_price":"","_stock":"","_tribe_ticket_header":"","_tribe_default_ticket_provider":"","_tribe_ticket_capacity":"0","_ticket_start_date":"","_ticket_end_date":"","_tribe_ticket_show_description":"","_tribe_ticket_show_not_going":false,"_tribe_ticket_use_global_stock":"","_tribe_ticket_global_stock_level":"","_global_stock_mode":"","_global_stock_cap":"","_tribe_rsvp_for_event":"","_tribe_ticket_going_count":"","_tribe_ticket_not_going_count":"","_tribe_tickets_list":"[]","_tribe_ticket_has_attendee_info_fields":false,"_tribe_events_status":"","_tribe_events_status_reason":"","footnotes":"","_tec_slr_enabled":"","_tec_slr_layout":""},"tags":[],"tribe_events_cat":[],"yoast_head":"<!-- This site is optimized with the Yoast SEO plugin v24.4 - https:\/\/yoast.com\/wordpress\/plugins\/seo\/ -->\n<title>Ich habe gezeigt, dass ich es gut kann - Erz\u00e4hlbistro in Luzern | Erz\u00e4hlbistro<\/title>\n<meta name=\"robots\" content=\"index, follow, max-snippet:-1, max-image-preview:large, max-video-preview:-1\" \/>\n<link rel=\"canonical\" href=\"https:\/\/erzaehlbistro.ch\/fr\/event\/ich-habe-gezeigt-dass-ich-es-gut-kann-erzaehlbistro-in-luzern\/\" \/>\n<meta property=\"og:locale\" content=\"fr_FR\" \/>\n<meta property=\"og:type\" content=\"article\" \/>\n<meta property=\"og:title\" content=\"Ich habe gezeigt, dass ich es gut kann - Erz\u00e4hlbistro in Luzern | Erz\u00e4hlbistro\" \/>\n<meta property=\"og:description\" content=\"In der Innerschweiz sind fast 40 Betroffene zusammengekommen...\" \/>\n<meta property=\"og:url\" content=\"https:\/\/erzaehlbistro.ch\/fr\/event\/ich-habe-gezeigt-dass-ich-es-gut-kann-erzaehlbistro-in-luzern\/\" \/>\n<meta property=\"og:site_name\" content=\"Erz\u00e4hlbistro\" \/>\n<meta name=\"twitter:card\" content=\"summary_large_image\" \/>\n<meta name=\"twitter:label1\" content=\"Dur\u00e9e de lecture estim\u00e9e\" \/>\n\t<meta name=\"twitter:data1\" content=\"2 minutes\" \/>\n<script type=\"application\/ld+json\" class=\"yoast-schema-graph\">{\"@context\":\"https:\/\/schema.org\",\"@graph\":[{\"@type\":\"WebPage\",\"@id\":\"https:\/\/erzaehlbistro.ch\/fr\/event\/ich-habe-gezeigt-dass-ich-es-gut-kann-erzaehlbistro-in-luzern\/\",\"url\":\"https:\/\/erzaehlbistro.ch\/fr\/event\/ich-habe-gezeigt-dass-ich-es-gut-kann-erzaehlbistro-in-luzern\/\",\"name\":\"Ich habe gezeigt, dass ich es gut kann - Erz\u00e4hlbistro in Luzern | Erz\u00e4hlbistro\",\"isPartOf\":{\"@id\":\"https:\/\/erzaehlbistro.ch\/fr\/#website\"},\"datePublished\":\"2021-11-20T08:33:17+00:00\",\"breadcrumb\":{\"@id\":\"https:\/\/erzaehlbistro.ch\/fr\/event\/ich-habe-gezeigt-dass-ich-es-gut-kann-erzaehlbistro-in-luzern\/#breadcrumb\"},\"inLanguage\":\"fr-FR\",\"potentialAction\":[{\"@type\":\"ReadAction\",\"target\":[\"https:\/\/erzaehlbistro.ch\/fr\/event\/ich-habe-gezeigt-dass-ich-es-gut-kann-erzaehlbistro-in-luzern\/\"]}]},{\"@type\":\"BreadcrumbList\",\"@id\":\"https:\/\/erzaehlbistro.ch\/fr\/event\/ich-habe-gezeigt-dass-ich-es-gut-kann-erzaehlbistro-in-luzern\/#breadcrumb\",\"itemListElement\":[{\"@type\":\"ListItem\",\"position\":1,\"name\":\"Home\",\"item\":\"https:\/\/erzaehlbistro.ch\/fr\/\"},{\"@type\":\"ListItem\",\"position\":2,\"name\":\"\u00c9v\u00e8nements\",\"item\":\"https:\/\/erzaehlbistro.ch\/fr\/events\/\"},{\"@type\":\"ListItem\",\"position\":3,\"name\":\"Ich habe gezeigt, dass ich es gut kann &#8211; Erz\u00e4hlbistro in Luzern\"}]},{\"@type\":\"WebSite\",\"@id\":\"https:\/\/erzaehlbistro.ch\/fr\/#website\",\"url\":\"https:\/\/erzaehlbistro.ch\/fr\/\",\"name\":\"Erz\u00e4hlbistro\",\"description\":\"Ein Begegnungsort f\u00fcr die Betroffenen f\u00fcrsorgerischer Zwangsmassnahmen\",\"publisher\":{\"@id\":\"https:\/\/erzaehlbistro.ch\/fr\/#organization\"},\"potentialAction\":[{\"@type\":\"SearchAction\",\"target\":{\"@type\":\"EntryPoint\",\"urlTemplate\":\"https:\/\/erzaehlbistro.ch\/fr\/?s={search_term_string}\"},\"query-input\":{\"@type\":\"PropertyValueSpecification\",\"valueRequired\":true,\"valueName\":\"search_term_string\"}}],\"inLanguage\":\"fr-FR\"},{\"@type\":\"Organization\",\"@id\":\"https:\/\/erzaehlbistro.ch\/fr\/#organization\",\"name\":\"Erz\u00e4hlbistro\",\"url\":\"https:\/\/erzaehlbistro.ch\/fr\/\",\"logo\":{\"@type\":\"ImageObject\",\"inLanguage\":\"fr-FR\",\"@id\":\"https:\/\/erzaehlbistro.ch\/fr\/#\/schema\/logo\/image\/\",\"url\":\"https:\/\/erzaehlbistro.ch\/wp-content\/uploads\/2021\/10\/logo-retina.png\",\"contentUrl\":\"https:\/\/erzaehlbistro.ch\/wp-content\/uploads\/2021\/10\/logo-retina.png\",\"width\":468,\"height\":120,\"caption\":\"Erz\u00e4hlbistro\"},\"image\":{\"@id\":\"https:\/\/erzaehlbistro.ch\/fr\/#\/schema\/logo\/image\/\"}}]}<\/script>\n<!-- \/ Yoast SEO plugin. -->","yoast_head_json":{"title":"Ich habe gezeigt, dass ich es gut kann - Erz\u00e4hlbistro in Luzern | Erz\u00e4hlbistro","robots":{"index":"index","follow":"follow","max-snippet":"max-snippet:-1","max-image-preview":"max-image-preview:large","max-video-preview":"max-video-preview:-1"},"canonical":"https:\/\/erzaehlbistro.ch\/fr\/event\/ich-habe-gezeigt-dass-ich-es-gut-kann-erzaehlbistro-in-luzern\/","og_locale":"fr_FR","og_type":"article","og_title":"Ich habe gezeigt, dass ich es gut kann - Erz\u00e4hlbistro in Luzern | Erz\u00e4hlbistro","og_description":"In der Innerschweiz sind fast 40 Betroffene zusammengekommen...","og_url":"https:\/\/erzaehlbistro.ch\/fr\/event\/ich-habe-gezeigt-dass-ich-es-gut-kann-erzaehlbistro-in-luzern\/","og_site_name":"Erz\u00e4hlbistro","twitter_card":"summary_large_image","twitter_misc":{"Dur\u00e9e de lecture estim\u00e9e":"2 minutes"},"schema":{"@context":"https:\/\/schema.org","@graph":[{"@type":"WebPage","@id":"https:\/\/erzaehlbistro.ch\/fr\/event\/ich-habe-gezeigt-dass-ich-es-gut-kann-erzaehlbistro-in-luzern\/","url":"https:\/\/erzaehlbistro.ch\/fr\/event\/ich-habe-gezeigt-dass-ich-es-gut-kann-erzaehlbistro-in-luzern\/","name":"Ich habe gezeigt, dass ich es gut kann - Erz\u00e4hlbistro in Luzern | Erz\u00e4hlbistro","isPartOf":{"@id":"https:\/\/erzaehlbistro.ch\/fr\/#website"},"datePublished":"2021-11-20T08:33:17+00:00","breadcrumb":{"@id":"https:\/\/erzaehlbistro.ch\/fr\/event\/ich-habe-gezeigt-dass-ich-es-gut-kann-erzaehlbistro-in-luzern\/#breadcrumb"},"inLanguage":"fr-FR","potentialAction":[{"@type":"ReadAction","target":["https:\/\/erzaehlbistro.ch\/fr\/event\/ich-habe-gezeigt-dass-ich-es-gut-kann-erzaehlbistro-in-luzern\/"]}]},{"@type":"BreadcrumbList","@id":"https:\/\/erzaehlbistro.ch\/fr\/event\/ich-habe-gezeigt-dass-ich-es-gut-kann-erzaehlbistro-in-luzern\/#breadcrumb","itemListElement":[{"@type":"ListItem","position":1,"name":"Home","item":"https:\/\/erzaehlbistro.ch\/fr\/"},{"@type":"ListItem","position":2,"name":"\u00c9v\u00e8nements","item":"https:\/\/erzaehlbistro.ch\/fr\/events\/"},{"@type":"ListItem","position":3,"name":"Ich habe gezeigt, dass ich es gut kann &#8211; Erz\u00e4hlbistro in Luzern"}]},{"@type":"WebSite","@id":"https:\/\/erzaehlbistro.ch\/fr\/#website","url":"https:\/\/erzaehlbistro.ch\/fr\/","name":"Erz\u00e4hlbistro","description":"Ein Begegnungsort f\u00fcr die Betroffenen f\u00fcrsorgerischer Zwangsmassnahmen","publisher":{"@id":"https:\/\/erzaehlbistro.ch\/fr\/#organization"},"potentialAction":[{"@type":"SearchAction","target":{"@type":"EntryPoint","urlTemplate":"https:\/\/erzaehlbistro.ch\/fr\/?s={search_term_string}"},"query-input":{"@type":"PropertyValueSpecification","valueRequired":true,"valueName":"search_term_string"}}],"inLanguage":"fr-FR"},{"@type":"Organization","@id":"https:\/\/erzaehlbistro.ch\/fr\/#organization","name":"Erz\u00e4hlbistro","url":"https:\/\/erzaehlbistro.ch\/fr\/","logo":{"@type":"ImageObject","inLanguage":"fr-FR","@id":"https:\/\/erzaehlbistro.ch\/fr\/#\/schema\/logo\/image\/","url":"https:\/\/erzaehlbistro.ch\/wp-content\/uploads\/2021\/10\/logo-retina.png","contentUrl":"https:\/\/erzaehlbistro.ch\/wp-content\/uploads\/2021\/10\/logo-retina.png","width":468,"height":120,"caption":"Erz\u00e4hlbistro"},"image":{"@id":"https:\/\/erzaehlbistro.ch\/fr\/#\/schema\/logo\/image\/"}}]}},"ticketed":false,"_links":{"self":[{"href":"https:\/\/erzaehlbistro.ch\/fr\/wp-json\/wp\/v2\/tribe_events\/3950"}],"collection":[{"href":"https:\/\/erzaehlbistro.ch\/fr\/wp-json\/wp\/v2\/tribe_events"}],"about":[{"href":"https:\/\/erzaehlbistro.ch\/fr\/wp-json\/wp\/v2\/types\/tribe_events"}],"author":[{"embeddable":true,"href":"https:\/\/erzaehlbistro.ch\/fr\/wp-json\/wp\/v2\/users\/4"}],"version-history":[{"count":0,"href":"https:\/\/erzaehlbistro.ch\/fr\/wp-json\/wp\/v2\/tribe_events\/3950\/revisions"}],"wp:attachment":[{"href":"https:\/\/erzaehlbistro.ch\/fr\/wp-json\/wp\/v2\/media?parent=3950"}],"wp:term":[{"taxonomy":"post_tag","embeddable":true,"href":"https:\/\/erzaehlbistro.ch\/fr\/wp-json\/wp\/v2\/tags?post=3950"},{"taxonomy":"tribe_events_cat","embeddable":true,"href":"https:\/\/erzaehlbistro.ch\/fr\/wp-json\/wp\/v2\/tribe_events_cat?post=3950"}],"curies":[{"name":"wp","href":"https:\/\/api.w.org\/{rel}","templated":true}]}}

Ich habe gezeigt, dass ich es gut kann &#8211; Erzählbistro in Luzern

<p class="p1"><span class="s1"><b>In der Innerschweiz sind fast 40 Betroffene zusammengekommen und haben über das Thema «Beruf und Berufung» diskutiert. Dabei zeigt sich, wie wichtig die tägliche Arbeit für das Selbstvertrauen und ein selbstbestimmtes Leben ist.</b></span></p>
<p>Ein wunderbarer Herbsttag hat die Betroffenen diesmal nach Luzern gebracht. «Diese Treffen sind wichtig für meine Psyche», meinte eine Frau, die trotz Corona einen langen Weg auf sich genommen hatte, um beim Austausch unterdabei zu sein. Auf einer Dachterrasse, die Sonne im Gesicht, nahm man Kaffee und Gebäck zu sich, lernte neue Gesichter kennen, bevor man mit einer Fabel ins Thema des Tages eingestimmt wurde: «Beruf und Berufung».</p>
<p class="p1"><span class="s1">In kleinen Gruppen diskutierten die Gäste über die Bedeutung der täglichen Arbeit. Gerade weil vielen Betroffenen in ihrer Jugend eingebläut wurde, dass sie &#8211; mit ihrem schweren Rucksack &#8211; kaum erfolgreich sein könnten, hatte die tägliche Arbeit für diese Menschen eine besondere Bedeutung. Man konnte zeigen, was man kann, erzählte ein Mann, dass man sehr wohl erfolgreich sein konnte, und er ergänzte, dass der Lohn der Arbeit die finanzielle und geistige Unabhängigkeit war. Die Arbeit hatte auch eine wichtige soziale Bedeutung. Eine Frau berichtete in der Gruppe von den gemeinsamen Essenspausen bei der Arbeit und dem Gefühl, zu einer «Familie» zu gehören, wenn das Essen gerecht ausgeschöpft wurde.</span></p>
<p class="p1"><span class="s1">Heute sind viele Betroffene bereits pensioniert, aber die Arbeit geht nicht aus. Für die einen ist die Betreuung der Enkelkinder inzwischen zentral geworden. «Ich kann es gut mit Kindern», sagte eine Frau stolz. «Ich verwirkliche mich beim Kochen», meinte eine andere. «Und ich drücke mich beim Malen aus», erzählte eine Dritte, während die Gruppe eines ihrer Bilder bewunderte. Viele Betroffene sind heute in vielfältiger Weise kreativ und nutzen ihr Können und ihre Ideen, um Neues zu entwickeln, zu entdecken und zu erfahren.</span></p>
<p class="p1"><span class="s1">Beim reichhaltigen Mittagessen entstanden nicht nur gute Gespräche untereinander, sondern wiederum auch neue Bekanntschaften. Für die zahlreichen Gäste war es ein Glück, dass man trotz Corona zusammengekommen war. Auch wenn man ein bisschen weiter auseinander sass und teilweise mit Maske unterwegs war – man stand sich immer sehr nahe. Man schöpfte Kraft für Körper und Geist, vor allem aber auch für die tägliche Arbeit, die ansteht.</span></p>
<p>&nbsp;</p>
<p class="p1"><span class="s1">Ein Eindruck des Tages findet sich in diesem Video:</span></p>
<p>&nbsp;</p>
<div style="width: 640px;" class="wp-video"><!--[if lt IE 9]><script>document.createElement('video');</script><![endif]-->
<video class="wp-video-shortcode" id="video-3950-1" width="640" height="360" autoplay="1" preload="metadata" controls="controls"><source type="video/mp4" src="https://erzaehlbistro.ch/wp-content/uploads/2020/09/Mein-Film-4.mp4?_=1" /><a href="https://erzaehlbistro.ch/wp-content/uploads/2020/09/Mein-Film-4.mp4">https://erzaehlbistro.ch/wp-content/uploads/2020/09/Mein-Film-4.mp4</a></video></div>
<p class="p1"><span class="s1"> </span></p>

<!-- This site is optimized with the Yoast SEO plugin v24.4 - https://yoast.com/wordpress/plugins/seo/ -->
<title>Ich habe gezeigt, dass ich es gut kann - Erzählbistro in Luzern | Erzählbistro</title>
<meta name="robots" content="index, follow, max-snippet:-1, max-image-preview:large, max-video-preview:-1" />
<link rel="canonical" href="https://erzaehlbistro.ch/fr/event/ich-habe-gezeigt-dass-ich-es-gut-kann-erzaehlbistro-in-luzern/" />
<meta property="og:locale" content="fr_FR" />
<meta property="og:type" content="article" />
<meta property="og:title" content="Ich habe gezeigt, dass ich es gut kann - Erzählbistro in Luzern | Erzählbistro" />
<meta property="og:description" content="In der Innerschweiz sind fast 40 Betroffene zusammengekommen..." />
<meta property="og:url" content="https://erzaehlbistro.ch/fr/event/ich-habe-gezeigt-dass-ich-es-gut-kann-erzaehlbistro-in-luzern/" />
<meta property="og:site_name" content="Erzählbistro" />
<meta name="twitter:card" content="summary_large_image" />
<meta name="twitter:label1" content="Durée de lecture estimée" />
	<meta name="twitter:data1" content="2 minutes" />
<script type="application/ld+json" class="yoast-schema-graph">{"@context":"https://schema.org","@graph":[{"@type":"WebPage","@id":"https://erzaehlbistro.ch/fr/event/ich-habe-gezeigt-dass-ich-es-gut-kann-erzaehlbistro-in-luzern/","url":"https://erzaehlbistro.ch/fr/event/ich-habe-gezeigt-dass-ich-es-gut-kann-erzaehlbistro-in-luzern/","name":"Ich habe gezeigt, dass ich es gut kann - Erzählbistro in Luzern | Erzählbistro","isPartOf":{"@id":"https://erzaehlbistro.ch/fr/#website"},"datePublished":"2021-11-20T08:33:17+00:00","breadcrumb":{"@id":"https://erzaehlbistro.ch/fr/event/ich-habe-gezeigt-dass-ich-es-gut-kann-erzaehlbistro-in-luzern/#breadcrumb"},"inLanguage":"fr-FR","potentialAction":[{"@type":"ReadAction","target":["https://erzaehlbistro.ch/fr/event/ich-habe-gezeigt-dass-ich-es-gut-kann-erzaehlbistro-in-luzern/"]}]},{"@type":"BreadcrumbList","@id":"https://erzaehlbistro.ch/fr/event/ich-habe-gezeigt-dass-ich-es-gut-kann-erzaehlbistro-in-luzern/#breadcrumb","itemListElement":[{"@type":"ListItem","position":1,"name":"Home","item":"https://erzaehlbistro.ch/fr/"},{"@type":"ListItem","position":2,"name":"Évènements","item":"https://erzaehlbistro.ch/fr/events/"},{"@type":"ListItem","position":3,"name":"Ich habe gezeigt, dass ich es gut kann &#8211; Erzählbistro in Luzern"}]},{"@type":"WebSite","@id":"https://erzaehlbistro.ch/fr/#website","url":"https://erzaehlbistro.ch/fr/","name":"Erzählbistro","description":"Ein Begegnungsort für die Betroffenen fürsorgerischer Zwangsmassnahmen","publisher":{"@id":"https://erzaehlbistro.ch/fr/#organization"},"potentialAction":[{"@type":"SearchAction","target":{"@type":"EntryPoint","urlTemplate":"https://erzaehlbistro.ch/fr/?s={search_term_string}"},"query-input":{"@type":"PropertyValueSpecification","valueRequired":true,"valueName":"search_term_string"}}],"inLanguage":"fr-FR"},{"@type":"Organization","@id":"https://erzaehlbistro.ch/fr/#organization","name":"Erzählbistro","url":"https://erzaehlbistro.ch/fr/","logo":{"@type":"ImageObject","inLanguage":"fr-FR","@id":"https://erzaehlbistro.ch/fr/#/schema/logo/image/","url":"https://erzaehlbistro.ch/wp-content/uploads/2021/10/logo-retina.png","contentUrl":"https://erzaehlbistro.ch/wp-content/uploads/2021/10/logo-retina.png","width":468,"height":120,"caption":"Erzählbistro"},"image":{"@id":"https://erzaehlbistro.ch/fr/#/schema/logo/image/"}}]}</script>
<!-- / Yoast SEO plugin. -->

Ich habe gezeigt, dass ich es gut kann - Erzählbistro in Luzern | Erzählbistro

Erzählbistro

Évènements

Ein Begegnungsort für die Betroffenen fürsorgerischer Zwangsmassnahmen
