{"id":3955,"date":"2021-11-20T09:35:40","date_gmt":"2021-11-20T08:35:40","guid":{"rendered":"https:\/\/erzaehlbistro.ch\/event\/erzaehlbistro-im-indian-sommer\/"},"modified":"2021-11-20T09:35:40","modified_gmt":"2021-11-20T08:35:40","slug":"erzaehlbistro-im-indian-sommer","status":"publish","type":"tribe_events","link":"https:\/\/erzaehlbistro.ch\/fr\/event\/erzaehlbistro-im-indian-sommer\/","title":{"rendered":"Erz\u00e4hlbistro im Indian Sommer"},"content":{"rendered":"<p>Das letzte Erz\u00e4hlbistro in diesem Jahr hat bei strahlendem Herbstwetter in Z\u00fcrich stattgefunden. Rund 50 Betroffene haben sich mit der eigenen Geschichte auseinandergesetzt \u2013 dies in einem vertrauten Kreis von Menschen, welche in der Kindheit und Jugend gleiche Erfahrungen gemacht haben.<\/p>\n<p><img decoding=\"async\" class=\"lazyload alignnone size-full wp-image-925\" src=\"data:image\/svg+xml,%3Csvg%20xmlns%3D%27http%3A%2F%2Fwww.w3.org%2F2000%2Fsvg%27%20width%3D%271386%27%20height%3D%271040%27%20viewBox%3D%270%200%201386%201040%27%3E%3Crect%20width%3D%271386%27%20height%3D%271040%27%20fill-opacity%3D%220%22%2F%3E%3C%2Fsvg%3E\" data-orig-src=\"https:\/\/erzaehlbistro.ch\/wp-content\/uploads\/2019\/12\/eb.jpg\" alt=\"\" width=\"1386\" height=\"1040\"><\/p>\n<p>Im Gemeinschaftszentrum Schindlergut, einem alten ehrw\u00fcrdigen Geb\u00e4ude, trafen sich Betroffene aus der ganzen Schweiz. Viele neue Gesichter waren unter den G\u00e4sten, aber auch solche, die bereits mehrmals an einem Erz\u00e4hlbistro teilgenommen haben. Darunter zum Beispiel Walter, der als Dreij\u00e4hriger fremdplatziert worden war und nie ein intaktes Familienleben erlebt hatte. Das habe Auswirkungen bis heute: \u00abWenn jemand mit mir lieb ist, m\u00f6chte ich gleich mit. Ich habe immer nach Liebe gesucht\u00bb, erz\u00e4hlte er am Vormittag in der Gruppe und stiess dabei auf viel Verst\u00e4ndnis. F\u00fcr Walter sind die Erz\u00e4hlbistros ein Ort der Geborgenheit, wo er sich mit Gleichgesinnten austauschen kann. Zum Beispiel bei der Diskussion, was einem geholfen hat, trotz der schwierigen Erlebnisse weiterzumachen. Viele berichteten dabei, wie erst mit der Selbstbestimmung die Selbstachtung zur\u00fcckgekommen ist; die Selbstbestimmung, die sich zum Beispiel in der selbstgew\u00e4hlten Alltagsgestaltung, Lebensform oder Arbeit zeigt. In diesem Sinn zog die Teilnehmenden die Geschichte eines ehemaligen Verdingkindes in den Bann, der mit seinem ersten verdienten Geld bei den Schweizer \u00abChilbis\u00bb ein Karussell unterhielt \u2013 auch heute noch, in hohem Alter, steht er an der Kasse einer Bahn, die inzwischen sein Sohn bedient. Das gibt ihm Kraft. Oder die Geschichte von Manuela, die ihre gestohlene Kindheit mit Malen und Schreiben verarbeitet. Sie sei nicht die, die sie eigentlich sein sollte, betonte Sie in der Gruppe: \u00abIch f\u00fchlte mich ein Leben lang fremd, und versuche nun, das Beste daraus zu machen\u00bb. Auch ihr ist das Erz\u00e4hlbistro eine Hilfe hierf\u00fcr. Nach einem gemeinsamen Essen \u00fcber Mittag zeigten sich die Betroffenen in dem Schreib- und Malateliers kreativ oder diskutierten in der grossen Gruppe weiter. Das n\u00e4chste Erz\u00e4hlbistro findet im kommenden Jahr statt. \u00dcber alle Aktivit\u00e4ten wird fr\u00fchzeitig informiert.<\/p>\n","protected":false},"excerpt":{"rendered":"<p>Das letzte Erz\u00e4hlbistro in diesem Jahr hat bei strahlendem Herbstwetter in Z\u00fcrich stattgefunden.<\/p>\n","protected":false},"author":4,"featured_media":0,"template":"","meta":{"_price":"","_stock":"","_tribe_ticket_header":"","_tribe_default_ticket_provider":"","_tribe_ticket_capacity":"0","_ticket_start_date":"","_ticket_end_date":"","_tribe_ticket_show_description":"","_tribe_ticket_show_not_going":false,"_tribe_ticket_use_global_stock":"","_tribe_ticket_global_stock_level":"","_global_stock_mode":"","_global_stock_cap":"","_tribe_rsvp_for_event":"","_tribe_ticket_going_count":"","_tribe_ticket_not_going_count":"","_tribe_tickets_list":"[]","_tribe_ticket_has_attendee_info_fields":false,"_tribe_events_status":"","_tribe_events_status_reason":"","footnotes":"","_tec_slr_enabled":"","_tec_slr_layout":""},"tags":[],"tribe_events_cat":[],"yoast_head":"<!-- This site is optimized with the Yoast SEO plugin v24.4 - https:\/\/yoast.com\/wordpress\/plugins\/seo\/ -->\n<title>Erz\u00e4hlbistro im Indian Sommer | Erz\u00e4hlbistro<\/title>\n<meta name=\"robots\" content=\"index, follow, max-snippet:-1, max-image-preview:large, max-video-preview:-1\" \/>\n<link rel=\"canonical\" href=\"https:\/\/erzaehlbistro.ch\/fr\/event\/erzaehlbistro-im-indian-sommer\/\" \/>\n<meta property=\"og:locale\" content=\"fr_FR\" \/>\n<meta property=\"og:type\" content=\"article\" \/>\n<meta property=\"og:title\" content=\"Erz\u00e4hlbistro im Indian Sommer | Erz\u00e4hlbistro\" \/>\n<meta property=\"og:description\" content=\"Das letzte Erz\u00e4hlbistro in diesem Jahr hat bei strahlendem Herbstwetter in Z\u00fcrich stattgefunden.\" \/>\n<meta property=\"og:url\" content=\"https:\/\/erzaehlbistro.ch\/fr\/event\/erzaehlbistro-im-indian-sommer\/\" \/>\n<meta property=\"og:site_name\" content=\"Erz\u00e4hlbistro\" \/>\n<meta property=\"og:image\" content=\"https:\/\/erzaehlbistro.ch\/wp-content\/uploads\/2019\/12\/eb.jpg\" \/>\n<meta name=\"twitter:card\" content=\"summary_large_image\" \/>\n<meta name=\"twitter:label1\" content=\"Dur\u00e9e de lecture estim\u00e9e\" \/>\n\t<meta name=\"twitter:data1\" content=\"2 minutes\" \/>\n<script type=\"application\/ld+json\" class=\"yoast-schema-graph\">{\"@context\":\"https:\/\/schema.org\",\"@graph\":[{\"@type\":\"WebPage\",\"@id\":\"https:\/\/erzaehlbistro.ch\/fr\/event\/erzaehlbistro-im-indian-sommer\/\",\"url\":\"https:\/\/erzaehlbistro.ch\/fr\/event\/erzaehlbistro-im-indian-sommer\/\",\"name\":\"Erz\u00e4hlbistro im Indian Sommer | Erz\u00e4hlbistro\",\"isPartOf\":{\"@id\":\"https:\/\/erzaehlbistro.ch\/fr\/#website\"},\"primaryImageOfPage\":{\"@id\":\"https:\/\/erzaehlbistro.ch\/fr\/event\/erzaehlbistro-im-indian-sommer\/#primaryimage\"},\"image\":{\"@id\":\"https:\/\/erzaehlbistro.ch\/fr\/event\/erzaehlbistro-im-indian-sommer\/#primaryimage\"},\"thumbnailUrl\":\"https:\/\/erzaehlbistro.ch\/wp-content\/uploads\/2019\/12\/eb.jpg\",\"datePublished\":\"2021-11-20T08:35:40+00:00\",\"breadcrumb\":{\"@id\":\"https:\/\/erzaehlbistro.ch\/fr\/event\/erzaehlbistro-im-indian-sommer\/#breadcrumb\"},\"inLanguage\":\"fr-FR\",\"potentialAction\":[{\"@type\":\"ReadAction\",\"target\":[\"https:\/\/erzaehlbistro.ch\/fr\/event\/erzaehlbistro-im-indian-sommer\/\"]}]},{\"@type\":\"ImageObject\",\"inLanguage\":\"fr-FR\",\"@id\":\"https:\/\/erzaehlbistro.ch\/fr\/event\/erzaehlbistro-im-indian-sommer\/#primaryimage\",\"url\":\"https:\/\/erzaehlbistro.ch\/wp-content\/uploads\/2019\/12\/eb.jpg\",\"contentUrl\":\"https:\/\/erzaehlbistro.ch\/wp-content\/uploads\/2019\/12\/eb.jpg\"},{\"@type\":\"BreadcrumbList\",\"@id\":\"https:\/\/erzaehlbistro.ch\/fr\/event\/erzaehlbistro-im-indian-sommer\/#breadcrumb\",\"itemListElement\":[{\"@type\":\"ListItem\",\"position\":1,\"name\":\"Home\",\"item\":\"https:\/\/erzaehlbistro.ch\/fr\/\"},{\"@type\":\"ListItem\",\"position\":2,\"name\":\"\u00c9v\u00e8nements\",\"item\":\"https:\/\/erzaehlbistro.ch\/fr\/events\/\"},{\"@type\":\"ListItem\",\"position\":3,\"name\":\"Erz\u00e4hlbistro im Indian Sommer\"}]},{\"@type\":\"WebSite\",\"@id\":\"https:\/\/erzaehlbistro.ch\/fr\/#website\",\"url\":\"https:\/\/erzaehlbistro.ch\/fr\/\",\"name\":\"Erz\u00e4hlbistro\",\"description\":\"Ein Begegnungsort f\u00fcr die Betroffenen f\u00fcrsorgerischer Zwangsmassnahmen\",\"publisher\":{\"@id\":\"https:\/\/erzaehlbistro.ch\/fr\/#organization\"},\"potentialAction\":[{\"@type\":\"SearchAction\",\"target\":{\"@type\":\"EntryPoint\",\"urlTemplate\":\"https:\/\/erzaehlbistro.ch\/fr\/?s={search_term_string}\"},\"query-input\":{\"@type\":\"PropertyValueSpecification\",\"valueRequired\":true,\"valueName\":\"search_term_string\"}}],\"inLanguage\":\"fr-FR\"},{\"@type\":\"Organization\",\"@id\":\"https:\/\/erzaehlbistro.ch\/fr\/#organization\",\"name\":\"Erz\u00e4hlbistro\",\"url\":\"https:\/\/erzaehlbistro.ch\/fr\/\",\"logo\":{\"@type\":\"ImageObject\",\"inLanguage\":\"fr-FR\",\"@id\":\"https:\/\/erzaehlbistro.ch\/fr\/#\/schema\/logo\/image\/\",\"url\":\"https:\/\/erzaehlbistro.ch\/wp-content\/uploads\/2021\/10\/logo-retina.png\",\"contentUrl\":\"https:\/\/erzaehlbistro.ch\/wp-content\/uploads\/2021\/10\/logo-retina.png\",\"width\":468,\"height\":120,\"caption\":\"Erz\u00e4hlbistro\"},\"image\":{\"@id\":\"https:\/\/erzaehlbistro.ch\/fr\/#\/schema\/logo\/image\/\"}}]}<\/script>\n<!-- \/ Yoast SEO plugin. -->","yoast_head_json":{"title":"Erz\u00e4hlbistro im Indian Sommer | Erz\u00e4hlbistro","robots":{"index":"index","follow":"follow","max-snippet":"max-snippet:-1","max-image-preview":"max-image-preview:large","max-video-preview":"max-video-preview:-1"},"canonical":"https:\/\/erzaehlbistro.ch\/fr\/event\/erzaehlbistro-im-indian-sommer\/","og_locale":"fr_FR","og_type":"article","og_title":"Erz\u00e4hlbistro im Indian Sommer | Erz\u00e4hlbistro","og_description":"Das letzte Erz\u00e4hlbistro in diesem Jahr hat bei strahlendem Herbstwetter in Z\u00fcrich stattgefunden.","og_url":"https:\/\/erzaehlbistro.ch\/fr\/event\/erzaehlbistro-im-indian-sommer\/","og_site_name":"Erz\u00e4hlbistro","og_image":[{"url":"https:\/\/erzaehlbistro.ch\/wp-content\/uploads\/2019\/12\/eb.jpg","type":"","width":"","height":""}],"twitter_card":"summary_large_image","twitter_misc":{"Dur\u00e9e de lecture estim\u00e9e":"2 minutes"},"schema":{"@context":"https:\/\/schema.org","@graph":[{"@type":"WebPage","@id":"https:\/\/erzaehlbistro.ch\/fr\/event\/erzaehlbistro-im-indian-sommer\/","url":"https:\/\/erzaehlbistro.ch\/fr\/event\/erzaehlbistro-im-indian-sommer\/","name":"Erz\u00e4hlbistro im Indian Sommer | Erz\u00e4hlbistro","isPartOf":{"@id":"https:\/\/erzaehlbistro.ch\/fr\/#website"},"primaryImageOfPage":{"@id":"https:\/\/erzaehlbistro.ch\/fr\/event\/erzaehlbistro-im-indian-sommer\/#primaryimage"},"image":{"@id":"https:\/\/erzaehlbistro.ch\/fr\/event\/erzaehlbistro-im-indian-sommer\/#primaryimage"},"thumbnailUrl":"https:\/\/erzaehlbistro.ch\/wp-content\/uploads\/2019\/12\/eb.jpg","datePublished":"2021-11-20T08:35:40+00:00","breadcrumb":{"@id":"https:\/\/erzaehlbistro.ch\/fr\/event\/erzaehlbistro-im-indian-sommer\/#breadcrumb"},"inLanguage":"fr-FR","potentialAction":[{"@type":"ReadAction","target":["https:\/\/erzaehlbistro.ch\/fr\/event\/erzaehlbistro-im-indian-sommer\/"]}]},{"@type":"ImageObject","inLanguage":"fr-FR","@id":"https:\/\/erzaehlbistro.ch\/fr\/event\/erzaehlbistro-im-indian-sommer\/#primaryimage","url":"https:\/\/erzaehlbistro.ch\/wp-content\/uploads\/2019\/12\/eb.jpg","contentUrl":"https:\/\/erzaehlbistro.ch\/wp-content\/uploads\/2019\/12\/eb.jpg"},{"@type":"BreadcrumbList","@id":"https:\/\/erzaehlbistro.ch\/fr\/event\/erzaehlbistro-im-indian-sommer\/#breadcrumb","itemListElement":[{"@type":"ListItem","position":1,"name":"Home","item":"https:\/\/erzaehlbistro.ch\/fr\/"},{"@type":"ListItem","position":2,"name":"\u00c9v\u00e8nements","item":"https:\/\/erzaehlbistro.ch\/fr\/events\/"},{"@type":"ListItem","position":3,"name":"Erz\u00e4hlbistro im Indian Sommer"}]},{"@type":"WebSite","@id":"https:\/\/erzaehlbistro.ch\/fr\/#website","url":"https:\/\/erzaehlbistro.ch\/fr\/","name":"Erz\u00e4hlbistro","description":"Ein Begegnungsort f\u00fcr die Betroffenen f\u00fcrsorgerischer Zwangsmassnahmen","publisher":{"@id":"https:\/\/erzaehlbistro.ch\/fr\/#organization"},"potentialAction":[{"@type":"SearchAction","target":{"@type":"EntryPoint","urlTemplate":"https:\/\/erzaehlbistro.ch\/fr\/?s={search_term_string}"},"query-input":{"@type":"PropertyValueSpecification","valueRequired":true,"valueName":"search_term_string"}}],"inLanguage":"fr-FR"},{"@type":"Organization","@id":"https:\/\/erzaehlbistro.ch\/fr\/#organization","name":"Erz\u00e4hlbistro","url":"https:\/\/erzaehlbistro.ch\/fr\/","logo":{"@type":"ImageObject","inLanguage":"fr-FR","@id":"https:\/\/erzaehlbistro.ch\/fr\/#\/schema\/logo\/image\/","url":"https:\/\/erzaehlbistro.ch\/wp-content\/uploads\/2021\/10\/logo-retina.png","contentUrl":"https:\/\/erzaehlbistro.ch\/wp-content\/uploads\/2021\/10\/logo-retina.png","width":468,"height":120,"caption":"Erz\u00e4hlbistro"},"image":{"@id":"https:\/\/erzaehlbistro.ch\/fr\/#\/schema\/logo\/image\/"}}]}},"ticketed":false,"_links":{"self":[{"href":"https:\/\/erzaehlbistro.ch\/fr\/wp-json\/wp\/v2\/tribe_events\/3955"}],"collection":[{"href":"https:\/\/erzaehlbistro.ch\/fr\/wp-json\/wp\/v2\/tribe_events"}],"about":[{"href":"https:\/\/erzaehlbistro.ch\/fr\/wp-json\/wp\/v2\/types\/tribe_events"}],"author":[{"embeddable":true,"href":"https:\/\/erzaehlbistro.ch\/fr\/wp-json\/wp\/v2\/users\/4"}],"version-history":[{"count":0,"href":"https:\/\/erzaehlbistro.ch\/fr\/wp-json\/wp\/v2\/tribe_events\/3955\/revisions"}],"wp:attachment":[{"href":"https:\/\/erzaehlbistro.ch\/fr\/wp-json\/wp\/v2\/media?parent=3955"}],"wp:term":[{"taxonomy":"post_tag","embeddable":true,"href":"https:\/\/erzaehlbistro.ch\/fr\/wp-json\/wp\/v2\/tags?post=3955"},{"taxonomy":"tribe_events_cat","embeddable":true,"href":"https:\/\/erzaehlbistro.ch\/fr\/wp-json\/wp\/v2\/tribe_events_cat?post=3955"}],"curies":[{"name":"wp","href":"https:\/\/api.w.org\/{rel}","templated":true}]}}

Erzählbistro im Indian Sommer

<p>Das letzte Erzählbistro in diesem Jahr hat bei strahlendem Herbstwetter in Zürich stattgefunden. Rund 50 Betroffene haben sich mit der eigenen Geschichte auseinandergesetzt – dies in einem vertrauten Kreis von Menschen, welche in der Kindheit und Jugend gleiche Erfahrungen gemacht haben.</p>
<p><img decoding="async" class="lazyload alignnone size-full wp-image-925" src="data:image/svg+xml,%3Csvg%20xmlns%3D%27http%3A%2F%2Fwww.w3.org%2F2000%2Fsvg%27%20width%3D%271386%27%20height%3D%271040%27%20viewBox%3D%270%200%201386%201040%27%3E%3Crect%20width%3D%271386%27%20height%3D%271040%27%20fill-opacity%3D%220%22%2F%3E%3C%2Fsvg%3E" data-orig-src="https://erzaehlbistro.ch/wp-content/uploads/2019/12/eb.jpg" alt="" width="1386" height="1040"></p>
<p>Im Gemeinschaftszentrum Schindlergut, einem alten ehrwürdigen Gebäude, trafen sich Betroffene aus der ganzen Schweiz. Viele neue Gesichter waren unter den Gästen, aber auch solche, die bereits mehrmals an einem Erzählbistro teilgenommen haben. Darunter zum Beispiel Walter, der als Dreijähriger fremdplatziert worden war und nie ein intaktes Familienleben erlebt hatte. Das habe Auswirkungen bis heute: «Wenn jemand mit mir lieb ist, möchte ich gleich mit. Ich habe immer nach Liebe gesucht», erzählte er am Vormittag in der Gruppe und stiess dabei auf viel Verständnis. Für Walter sind die Erzählbistros ein Ort der Geborgenheit, wo er sich mit Gleichgesinnten austauschen kann. Zum Beispiel bei der Diskussion, was einem geholfen hat, trotz der schwierigen Erlebnisse weiterzumachen. Viele berichteten dabei, wie erst mit der Selbstbestimmung die Selbstachtung zurückgekommen ist; die Selbstbestimmung, die sich zum Beispiel in der selbstgewählten Alltagsgestaltung, Lebensform oder Arbeit zeigt. In diesem Sinn zog die Teilnehmenden die Geschichte eines ehemaligen Verdingkindes in den Bann, der mit seinem ersten verdienten Geld bei den Schweizer «Chilbis» ein Karussell unterhielt – auch heute noch, in hohem Alter, steht er an der Kasse einer Bahn, die inzwischen sein Sohn bedient. Das gibt ihm Kraft. Oder die Geschichte von Manuela, die ihre gestohlene Kindheit mit Malen und Schreiben verarbeitet. Sie sei nicht die, die sie eigentlich sein sollte, betonte Sie in der Gruppe: «Ich fühlte mich ein Leben lang fremd, und versuche nun, das Beste daraus zu machen». Auch ihr ist das Erzählbistro eine Hilfe hierfür. Nach einem gemeinsamen Essen über Mittag zeigten sich die Betroffenen in dem Schreib- und Malateliers kreativ oder diskutierten in der grossen Gruppe weiter. Das nächste Erzählbistro findet im kommenden Jahr statt. Über alle Aktivitäten wird frühzeitig informiert.</p>

<p>Das letzte Erzählbistro in diesem Jahr hat bei strahlendem Herbstwetter in Zürich stattgefunden.</p>

<!-- This site is optimized with the Yoast SEO plugin v24.4 - https://yoast.com/wordpress/plugins/seo/ -->
<title>Erzählbistro im Indian Sommer | Erzählbistro</title>
<meta name="robots" content="index, follow, max-snippet:-1, max-image-preview:large, max-video-preview:-1" />
<link rel="canonical" href="https://erzaehlbistro.ch/fr/event/erzaehlbistro-im-indian-sommer/" />
<meta property="og:locale" content="fr_FR" />
<meta property="og:type" content="article" />
<meta property="og:title" content="Erzählbistro im Indian Sommer | Erzählbistro" />
<meta property="og:description" content="Das letzte Erzählbistro in diesem Jahr hat bei strahlendem Herbstwetter in Zürich stattgefunden." />
<meta property="og:url" content="https://erzaehlbistro.ch/fr/event/erzaehlbistro-im-indian-sommer/" />
<meta property="og:site_name" content="Erzählbistro" />
<meta property="og:image" content="https://erzaehlbistro.ch/wp-content/uploads/2019/12/eb.jpg" />
<meta name="twitter:card" content="summary_large_image" />
<meta name="twitter:label1" content="Durée de lecture estimée" />
	<meta name="twitter:data1" content="2 minutes" />
<script type="application/ld+json" class="yoast-schema-graph">{"@context":"https://schema.org","@graph":[{"@type":"WebPage","@id":"https://erzaehlbistro.ch/fr/event/erzaehlbistro-im-indian-sommer/","url":"https://erzaehlbistro.ch/fr/event/erzaehlbistro-im-indian-sommer/","name":"Erzählbistro im Indian Sommer | Erzählbistro","isPartOf":{"@id":"https://erzaehlbistro.ch/fr/#website"},"primaryImageOfPage":{"@id":"https://erzaehlbistro.ch/fr/event/erzaehlbistro-im-indian-sommer/#primaryimage"},"image":{"@id":"https://erzaehlbistro.ch/fr/event/erzaehlbistro-im-indian-sommer/#primaryimage"},"thumbnailUrl":"https://erzaehlbistro.ch/wp-content/uploads/2019/12/eb.jpg","datePublished":"2021-11-20T08:35:40+00:00","breadcrumb":{"@id":"https://erzaehlbistro.ch/fr/event/erzaehlbistro-im-indian-sommer/#breadcrumb"},"inLanguage":"fr-FR","potentialAction":[{"@type":"ReadAction","target":["https://erzaehlbistro.ch/fr/event/erzaehlbistro-im-indian-sommer/"]}]},{"@type":"ImageObject","inLanguage":"fr-FR","@id":"https://erzaehlbistro.ch/fr/event/erzaehlbistro-im-indian-sommer/#primaryimage","url":"https://erzaehlbistro.ch/wp-content/uploads/2019/12/eb.jpg","contentUrl":"https://erzaehlbistro.ch/wp-content/uploads/2019/12/eb.jpg"},{"@type":"BreadcrumbList","@id":"https://erzaehlbistro.ch/fr/event/erzaehlbistro-im-indian-sommer/#breadcrumb","itemListElement":[{"@type":"ListItem","position":1,"name":"Home","item":"https://erzaehlbistro.ch/fr/"},{"@type":"ListItem","position":2,"name":"Évènements","item":"https://erzaehlbistro.ch/fr/events/"},{"@type":"ListItem","position":3,"name":"Erzählbistro im Indian Sommer"}]},{"@type":"WebSite","@id":"https://erzaehlbistro.ch/fr/#website","url":"https://erzaehlbistro.ch/fr/","name":"Erzählbistro","description":"Ein Begegnungsort für die Betroffenen fürsorgerischer Zwangsmassnahmen","publisher":{"@id":"https://erzaehlbistro.ch/fr/#organization"},"potentialAction":[{"@type":"SearchAction","target":{"@type":"EntryPoint","urlTemplate":"https://erzaehlbistro.ch/fr/?s={search_term_string}"},"query-input":{"@type":"PropertyValueSpecification","valueRequired":true,"valueName":"search_term_string"}}],"inLanguage":"fr-FR"},{"@type":"Organization","@id":"https://erzaehlbistro.ch/fr/#organization","name":"Erzählbistro","url":"https://erzaehlbistro.ch/fr/","logo":{"@type":"ImageObject","inLanguage":"fr-FR","@id":"https://erzaehlbistro.ch/fr/#/schema/logo/image/","url":"https://erzaehlbistro.ch/wp-content/uploads/2021/10/logo-retina.png","contentUrl":"https://erzaehlbistro.ch/wp-content/uploads/2021/10/logo-retina.png","width":468,"height":120,"caption":"Erzählbistro"},"image":{"@id":"https://erzaehlbistro.ch/fr/#/schema/logo/image/"}}]}</script>
<!-- / Yoast SEO plugin. -->

Erzählbistro im Indian Sommer | Erzählbistro

Das letzte Erzählbistro in diesem Jahr hat bei strahlendem Herbstwetter in Zürich stattgefunden.

Erzählbistro

Évènements

Ein Begegnungsort für die Betroffenen fürsorgerischer Zwangsmassnahmen
