{"id":6366,"date":"2024-12-16T12:19:09","date_gmt":"2024-12-16T11:19:09","guid":{"rendered":"https:\/\/erzaehlbistro.ch\/?post_type=tribe_events&#038;p=6366"},"modified":"2024-12-16T12:19:09","modified_gmt":"2024-12-16T11:19:09","slug":"votre-nom-dans-une-grande-exposition","status":"publish","type":"tribe_events","link":"https:\/\/erzaehlbistro.ch\/fr\/event\/votre-nom-dans-une-grande-exposition\/","title":{"rendered":"Votre nom dans une grande exposition"},"content":{"rendered":"<p>Le 21 janvier, nous nous retrouverons au Mus\u00e9e historique de Berne pour un caf\u00e9-r\u00e9cit sp\u00e9cial, o\u00f9 nous aurons l\u2019opportunit\u00e9 de contribuer \u00e0 une exposition en hommage aux personnes concern\u00e9es par les mesures de coercition \u00e0 des fins d\u2019assistance.<\/p>\n","protected":false},"excerpt":{"rendered":"<p>Le 21 janvier, nous nous retrouverons au Mus\u00e9e historique de Berne pour un caf\u00e9-r\u00e9cit sp\u00e9cial, o\u00f9 nous aurons l\u2019opportunit\u00e9 de contribuer \u00e0 une exposition en hommage aux personnes concern\u00e9es par les mesures de coercition \u00e0 [&hellip;]<\/p>\n","protected":false},"author":4,"featured_media":6368,"template":"","meta":{"_price":"","_stock":"","_tribe_ticket_header":"","_tribe_default_ticket_provider":"","_tribe_ticket_capacity":"0","_ticket_start_date":"","_ticket_end_date":"","_tribe_ticket_show_description":"","_tribe_ticket_show_not_going":false,"_tribe_ticket_use_global_stock":"","_tribe_ticket_global_stock_level":"","_global_stock_mode":"","_global_stock_cap":"","_tribe_rsvp_for_event":"","_tribe_ticket_going_count":"","_tribe_ticket_not_going_count":"","_tribe_tickets_list":"[]","_tribe_ticket_has_attendee_info_fields":false,"_tribe_events_status":"","_tribe_events_status_reason":"","footnotes":"","_tec_slr_enabled":"","_tec_slr_layout":""},"tags":[],"tribe_events_cat":[],"yoast_head":"<!-- This site is optimized with the Yoast SEO plugin v24.4 - https:\/\/yoast.com\/wordpress\/plugins\/seo\/ -->\n<title>Votre nom dans une grande exposition | Erz\u00e4hlbistro<\/title>\n<meta name=\"robots\" content=\"index, follow, max-snippet:-1, max-image-preview:large, max-video-preview:-1\" \/>\n<link rel=\"canonical\" href=\"https:\/\/erzaehlbistro.ch\/fr\/event\/votre-nom-dans-une-grande-exposition\/\" \/>\n<meta property=\"og:locale\" content=\"fr_FR\" \/>\n<meta property=\"og:type\" content=\"article\" \/>\n<meta property=\"og:title\" content=\"Votre nom dans une grande exposition | Erz\u00e4hlbistro\" \/>\n<meta property=\"og:description\" content=\"Le 21 janvier, nous nous retrouverons au Mus\u00e9e historique de Berne pour un caf\u00e9-r\u00e9cit sp\u00e9cial, o\u00f9 nous aurons l\u2019opportunit\u00e9 de contribuer \u00e0 une exposition en hommage aux personnes concern\u00e9es par les mesures de coercition \u00e0 [&hellip;]\" \/>\n<meta property=\"og:url\" content=\"https:\/\/erzaehlbistro.ch\/fr\/event\/votre-nom-dans-une-grande-exposition\/\" \/>\n<meta property=\"og:site_name\" content=\"Erz\u00e4hlbistro\" \/>\n<meta property=\"og:image\" content=\"https:\/\/erzaehlbistro.ch\/wp-content\/uploads\/2024\/12\/EB_GB_Zeitung_Weihnachten_2024_RZ_Ansicht.jpg\" \/>\n\t<meta property=\"og:image:width\" content=\"1251\" \/>\n\t<meta property=\"og:image:height\" content=\"746\" \/>\n\t<meta property=\"og:image:type\" content=\"image\/jpeg\" \/>\n<meta name=\"twitter:card\" content=\"summary_large_image\" \/>\n<meta name=\"twitter:label1\" content=\"Dur\u00e9e de lecture estim\u00e9e\" \/>\n\t<meta name=\"twitter:data1\" content=\"1 minute\" \/>\n<script type=\"application\/ld+json\" class=\"yoast-schema-graph\">{\"@context\":\"https:\/\/schema.org\",\"@graph\":[{\"@type\":\"WebPage\",\"@id\":\"https:\/\/erzaehlbistro.ch\/fr\/event\/votre-nom-dans-une-grande-exposition\/\",\"url\":\"https:\/\/erzaehlbistro.ch\/fr\/event\/votre-nom-dans-une-grande-exposition\/\",\"name\":\"Votre nom dans une grande exposition | Erz\u00e4hlbistro\",\"isPartOf\":{\"@id\":\"https:\/\/erzaehlbistro.ch\/fr\/#website\"},\"primaryImageOfPage\":{\"@id\":\"https:\/\/erzaehlbistro.ch\/fr\/event\/votre-nom-dans-une-grande-exposition\/#primaryimage\"},\"image\":{\"@id\":\"https:\/\/erzaehlbistro.ch\/fr\/event\/votre-nom-dans-une-grande-exposition\/#primaryimage\"},\"thumbnailUrl\":\"https:\/\/erzaehlbistro.ch\/wp-content\/uploads\/2024\/12\/EB_GB_Zeitung_Weihnachten_2024_RZ_Ansicht.jpg\",\"datePublished\":\"2024-12-16T11:19:09+00:00\",\"breadcrumb\":{\"@id\":\"https:\/\/erzaehlbistro.ch\/fr\/event\/votre-nom-dans-une-grande-exposition\/#breadcrumb\"},\"inLanguage\":\"fr-FR\",\"potentialAction\":[{\"@type\":\"ReadAction\",\"target\":[\"https:\/\/erzaehlbistro.ch\/fr\/event\/votre-nom-dans-une-grande-exposition\/\"]}]},{\"@type\":\"ImageObject\",\"inLanguage\":\"fr-FR\",\"@id\":\"https:\/\/erzaehlbistro.ch\/fr\/event\/votre-nom-dans-une-grande-exposition\/#primaryimage\",\"url\":\"https:\/\/erzaehlbistro.ch\/wp-content\/uploads\/2024\/12\/EB_GB_Zeitung_Weihnachten_2024_RZ_Ansicht.jpg\",\"contentUrl\":\"https:\/\/erzaehlbistro.ch\/wp-content\/uploads\/2024\/12\/EB_GB_Zeitung_Weihnachten_2024_RZ_Ansicht.jpg\",\"width\":1251,\"height\":746},{\"@type\":\"BreadcrumbList\",\"@id\":\"https:\/\/erzaehlbistro.ch\/fr\/event\/votre-nom-dans-une-grande-exposition\/#breadcrumb\",\"itemListElement\":[{\"@type\":\"ListItem\",\"position\":1,\"name\":\"Home\",\"item\":\"https:\/\/erzaehlbistro.ch\/fr\/\"},{\"@type\":\"ListItem\",\"position\":2,\"name\":\"\u00c9v\u00e8nements\",\"item\":\"https:\/\/erzaehlbistro.ch\/fr\/events\/\"},{\"@type\":\"ListItem\",\"position\":3,\"name\":\"Votre nom dans une grande exposition\"}]},{\"@type\":\"WebSite\",\"@id\":\"https:\/\/erzaehlbistro.ch\/fr\/#website\",\"url\":\"https:\/\/erzaehlbistro.ch\/fr\/\",\"name\":\"Erz\u00e4hlbistro\",\"description\":\"Ein Begegnungsort f\u00fcr die Betroffenen f\u00fcrsorgerischer Zwangsmassnahmen\",\"publisher\":{\"@id\":\"https:\/\/erzaehlbistro.ch\/fr\/#organization\"},\"potentialAction\":[{\"@type\":\"SearchAction\",\"target\":{\"@type\":\"EntryPoint\",\"urlTemplate\":\"https:\/\/erzaehlbistro.ch\/fr\/?s={search_term_string}\"},\"query-input\":{\"@type\":\"PropertyValueSpecification\",\"valueRequired\":true,\"valueName\":\"search_term_string\"}}],\"inLanguage\":\"fr-FR\"},{\"@type\":\"Organization\",\"@id\":\"https:\/\/erzaehlbistro.ch\/fr\/#organization\",\"name\":\"Erz\u00e4hlbistro\",\"url\":\"https:\/\/erzaehlbistro.ch\/fr\/\",\"logo\":{\"@type\":\"ImageObject\",\"inLanguage\":\"fr-FR\",\"@id\":\"https:\/\/erzaehlbistro.ch\/fr\/#\/schema\/logo\/image\/\",\"url\":\"https:\/\/erzaehlbistro.ch\/wp-content\/uploads\/2021\/10\/logo-retina.png\",\"contentUrl\":\"https:\/\/erzaehlbistro.ch\/wp-content\/uploads\/2021\/10\/logo-retina.png\",\"width\":468,\"height\":120,\"caption\":\"Erz\u00e4hlbistro\"},\"image\":{\"@id\":\"https:\/\/erzaehlbistro.ch\/fr\/#\/schema\/logo\/image\/\"}}]}<\/script>\n<!-- \/ Yoast SEO plugin. -->","yoast_head_json":{"title":"Votre nom dans une grande exposition | Erz\u00e4hlbistro","robots":{"index":"index","follow":"follow","max-snippet":"max-snippet:-1","max-image-preview":"max-image-preview:large","max-video-preview":"max-video-preview:-1"},"canonical":"https:\/\/erzaehlbistro.ch\/fr\/event\/votre-nom-dans-une-grande-exposition\/","og_locale":"fr_FR","og_type":"article","og_title":"Votre nom dans une grande exposition | Erz\u00e4hlbistro","og_description":"Le 21 janvier, nous nous retrouverons au Mus\u00e9e historique de Berne pour un caf\u00e9-r\u00e9cit sp\u00e9cial, o\u00f9 nous aurons l\u2019opportunit\u00e9 de contribuer \u00e0 une exposition en hommage aux personnes concern\u00e9es par les mesures de coercition \u00e0 [&hellip;]","og_url":"https:\/\/erzaehlbistro.ch\/fr\/event\/votre-nom-dans-une-grande-exposition\/","og_site_name":"Erz\u00e4hlbistro","og_image":[{"width":1251,"height":746,"url":"https:\/\/erzaehlbistro.ch\/wp-content\/uploads\/2024\/12\/EB_GB_Zeitung_Weihnachten_2024_RZ_Ansicht.jpg","type":"image\/jpeg"}],"twitter_card":"summary_large_image","twitter_misc":{"Dur\u00e9e de lecture estim\u00e9e":"1 minute"},"schema":{"@context":"https:\/\/schema.org","@graph":[{"@type":"WebPage","@id":"https:\/\/erzaehlbistro.ch\/fr\/event\/votre-nom-dans-une-grande-exposition\/","url":"https:\/\/erzaehlbistro.ch\/fr\/event\/votre-nom-dans-une-grande-exposition\/","name":"Votre nom dans une grande exposition | Erz\u00e4hlbistro","isPartOf":{"@id":"https:\/\/erzaehlbistro.ch\/fr\/#website"},"primaryImageOfPage":{"@id":"https:\/\/erzaehlbistro.ch\/fr\/event\/votre-nom-dans-une-grande-exposition\/#primaryimage"},"image":{"@id":"https:\/\/erzaehlbistro.ch\/fr\/event\/votre-nom-dans-une-grande-exposition\/#primaryimage"},"thumbnailUrl":"https:\/\/erzaehlbistro.ch\/wp-content\/uploads\/2024\/12\/EB_GB_Zeitung_Weihnachten_2024_RZ_Ansicht.jpg","datePublished":"2024-12-16T11:19:09+00:00","breadcrumb":{"@id":"https:\/\/erzaehlbistro.ch\/fr\/event\/votre-nom-dans-une-grande-exposition\/#breadcrumb"},"inLanguage":"fr-FR","potentialAction":[{"@type":"ReadAction","target":["https:\/\/erzaehlbistro.ch\/fr\/event\/votre-nom-dans-une-grande-exposition\/"]}]},{"@type":"ImageObject","inLanguage":"fr-FR","@id":"https:\/\/erzaehlbistro.ch\/fr\/event\/votre-nom-dans-une-grande-exposition\/#primaryimage","url":"https:\/\/erzaehlbistro.ch\/wp-content\/uploads\/2024\/12\/EB_GB_Zeitung_Weihnachten_2024_RZ_Ansicht.jpg","contentUrl":"https:\/\/erzaehlbistro.ch\/wp-content\/uploads\/2024\/12\/EB_GB_Zeitung_Weihnachten_2024_RZ_Ansicht.jpg","width":1251,"height":746},{"@type":"BreadcrumbList","@id":"https:\/\/erzaehlbistro.ch\/fr\/event\/votre-nom-dans-une-grande-exposition\/#breadcrumb","itemListElement":[{"@type":"ListItem","position":1,"name":"Home","item":"https:\/\/erzaehlbistro.ch\/fr\/"},{"@type":"ListItem","position":2,"name":"\u00c9v\u00e8nements","item":"https:\/\/erzaehlbistro.ch\/fr\/events\/"},{"@type":"ListItem","position":3,"name":"Votre nom dans une grande exposition"}]},{"@type":"WebSite","@id":"https:\/\/erzaehlbistro.ch\/fr\/#website","url":"https:\/\/erzaehlbistro.ch\/fr\/","name":"Erz\u00e4hlbistro","description":"Ein Begegnungsort f\u00fcr die Betroffenen f\u00fcrsorgerischer Zwangsmassnahmen","publisher":{"@id":"https:\/\/erzaehlbistro.ch\/fr\/#organization"},"potentialAction":[{"@type":"SearchAction","target":{"@type":"EntryPoint","urlTemplate":"https:\/\/erzaehlbistro.ch\/fr\/?s={search_term_string}"},"query-input":{"@type":"PropertyValueSpecification","valueRequired":true,"valueName":"search_term_string"}}],"inLanguage":"fr-FR"},{"@type":"Organization","@id":"https:\/\/erzaehlbistro.ch\/fr\/#organization","name":"Erz\u00e4hlbistro","url":"https:\/\/erzaehlbistro.ch\/fr\/","logo":{"@type":"ImageObject","inLanguage":"fr-FR","@id":"https:\/\/erzaehlbistro.ch\/fr\/#\/schema\/logo\/image\/","url":"https:\/\/erzaehlbistro.ch\/wp-content\/uploads\/2021\/10\/logo-retina.png","contentUrl":"https:\/\/erzaehlbistro.ch\/wp-content\/uploads\/2021\/10\/logo-retina.png","width":468,"height":120,"caption":"Erz\u00e4hlbistro"},"image":{"@id":"https:\/\/erzaehlbistro.ch\/fr\/#\/schema\/logo\/image\/"}}]}},"ticketed":false,"_links":{"self":[{"href":"https:\/\/erzaehlbistro.ch\/fr\/wp-json\/wp\/v2\/tribe_events\/6366"}],"collection":[{"href":"https:\/\/erzaehlbistro.ch\/fr\/wp-json\/wp\/v2\/tribe_events"}],"about":[{"href":"https:\/\/erzaehlbistro.ch\/fr\/wp-json\/wp\/v2\/types\/tribe_events"}],"author":[{"embeddable":true,"href":"https:\/\/erzaehlbistro.ch\/fr\/wp-json\/wp\/v2\/users\/4"}],"version-history":[{"count":1,"href":"https:\/\/erzaehlbistro.ch\/fr\/wp-json\/wp\/v2\/tribe_events\/6366\/revisions"}],"predecessor-version":[{"id":6412,"href":"https:\/\/erzaehlbistro.ch\/fr\/wp-json\/wp\/v2\/tribe_events\/6366\/revisions\/6412"}],"wp:featuredmedia":[{"embeddable":true,"href":"https:\/\/erzaehlbistro.ch\/fr\/wp-json\/wp\/v2\/media\/6368"}],"wp:attachment":[{"href":"https:\/\/erzaehlbistro.ch\/fr\/wp-json\/wp\/v2\/media?parent=6366"}],"wp:term":[{"taxonomy":"post_tag","embeddable":true,"href":"https:\/\/erzaehlbistro.ch\/fr\/wp-json\/wp\/v2\/tags?post=6366"},{"taxonomy":"tribe_events_cat","embeddable":true,"href":"https:\/\/erzaehlbistro.ch\/fr\/wp-json\/wp\/v2\/tribe_events_cat?post=6366"}],"curies":[{"name":"wp","href":"https:\/\/api.w.org\/{rel}","templated":true}]}}

<p>Le 21 janvier, nous nous retrouverons au Musée historique de Berne pour un café-récit spécial, où nous aurons l’opportunité de contribuer à une exposition en hommage aux personnes concernées par les mesures de coercition à des fins d’assistance.</p>

<p>Le 21 janvier, nous nous retrouverons au Musée historique de Berne pour un café-récit spécial, où nous aurons l’opportunité de contribuer à une exposition en hommage aux personnes concernées par les mesures de coercition à [&hellip;]</p>

<!-- This site is optimized with the Yoast SEO plugin v24.4 - https://yoast.com/wordpress/plugins/seo/ -->
<title>Votre nom dans une grande exposition | Erzählbistro</title>
<meta name="robots" content="index, follow, max-snippet:-1, max-image-preview:large, max-video-preview:-1" />
<link rel="canonical" href="https://erzaehlbistro.ch/fr/event/votre-nom-dans-une-grande-exposition/" />
<meta property="og:locale" content="fr_FR" />
<meta property="og:type" content="article" />
<meta property="og:title" content="Votre nom dans une grande exposition | Erzählbistro" />
<meta property="og:description" content="Le 21 janvier, nous nous retrouverons au Musée historique de Berne pour un café-récit spécial, où nous aurons l’opportunité de contribuer à une exposition en hommage aux personnes concernées par les mesures de coercition à [&hellip;]" />
<meta property="og:url" content="https://erzaehlbistro.ch/fr/event/votre-nom-dans-une-grande-exposition/" />
<meta property="og:site_name" content="Erzählbistro" />
<meta property="og:image" content="https://erzaehlbistro.ch/wp-content/uploads/2024/12/EB_GB_Zeitung_Weihnachten_2024_RZ_Ansicht.jpg" />
	<meta property="og:image:width" content="1251" />
	<meta property="og:image:height" content="746" />
	<meta property="og:image:type" content="image/jpeg" />
<meta name="twitter:card" content="summary_large_image" />
<meta name="twitter:label1" content="Durée de lecture estimée" />
	<meta name="twitter:data1" content="1 minute" />
<script type="application/ld+json" class="yoast-schema-graph">{"@context":"https://schema.org","@graph":[{"@type":"WebPage","@id":"https://erzaehlbistro.ch/fr/event/votre-nom-dans-une-grande-exposition/","url":"https://erzaehlbistro.ch/fr/event/votre-nom-dans-une-grande-exposition/","name":"Votre nom dans une grande exposition | Erzählbistro","isPartOf":{"@id":"https://erzaehlbistro.ch/fr/#website"},"primaryImageOfPage":{"@id":"https://erzaehlbistro.ch/fr/event/votre-nom-dans-une-grande-exposition/#primaryimage"},"image":{"@id":"https://erzaehlbistro.ch/fr/event/votre-nom-dans-une-grande-exposition/#primaryimage"},"thumbnailUrl":"https://erzaehlbistro.ch/wp-content/uploads/2024/12/EB_GB_Zeitung_Weihnachten_2024_RZ_Ansicht.jpg","datePublished":"2024-12-16T11:19:09+00:00","breadcrumb":{"@id":"https://erzaehlbistro.ch/fr/event/votre-nom-dans-une-grande-exposition/#breadcrumb"},"inLanguage":"fr-FR","potentialAction":[{"@type":"ReadAction","target":["https://erzaehlbistro.ch/fr/event/votre-nom-dans-une-grande-exposition/"]}]},{"@type":"ImageObject","inLanguage":"fr-FR","@id":"https://erzaehlbistro.ch/fr/event/votre-nom-dans-une-grande-exposition/#primaryimage","url":"https://erzaehlbistro.ch/wp-content/uploads/2024/12/EB_GB_Zeitung_Weihnachten_2024_RZ_Ansicht.jpg","contentUrl":"https://erzaehlbistro.ch/wp-content/uploads/2024/12/EB_GB_Zeitung_Weihnachten_2024_RZ_Ansicht.jpg","width":1251,"height":746},{"@type":"BreadcrumbList","@id":"https://erzaehlbistro.ch/fr/event/votre-nom-dans-une-grande-exposition/#breadcrumb","itemListElement":[{"@type":"ListItem","position":1,"name":"Home","item":"https://erzaehlbistro.ch/fr/"},{"@type":"ListItem","position":2,"name":"Évènements","item":"https://erzaehlbistro.ch/fr/events/"},{"@type":"ListItem","position":3,"name":"Votre nom dans une grande exposition"}]},{"@type":"WebSite","@id":"https://erzaehlbistro.ch/fr/#website","url":"https://erzaehlbistro.ch/fr/","name":"Erzählbistro","description":"Ein Begegnungsort für die Betroffenen fürsorgerischer Zwangsmassnahmen","publisher":{"@id":"https://erzaehlbistro.ch/fr/#organization"},"potentialAction":[{"@type":"SearchAction","target":{"@type":"EntryPoint","urlTemplate":"https://erzaehlbistro.ch/fr/?s={search_term_string}"},"query-input":{"@type":"PropertyValueSpecification","valueRequired":true,"valueName":"search_term_string"}}],"inLanguage":"fr-FR"},{"@type":"Organization","@id":"https://erzaehlbistro.ch/fr/#organization","name":"Erzählbistro","url":"https://erzaehlbistro.ch/fr/","logo":{"@type":"ImageObject","inLanguage":"fr-FR","@id":"https://erzaehlbistro.ch/fr/#/schema/logo/image/","url":"https://erzaehlbistro.ch/wp-content/uploads/2021/10/logo-retina.png","contentUrl":"https://erzaehlbistro.ch/wp-content/uploads/2021/10/logo-retina.png","width":468,"height":120,"caption":"Erzählbistro"},"image":{"@id":"https://erzaehlbistro.ch/fr/#/schema/logo/image/"}}]}</script>
<!-- / Yoast SEO plugin. -->

Votre nom dans une grande exposition | Erzählbistro

Le 21 janvier, nous nous retrouverons au Musée historique de Berne pour un café-récit spécial, où nous aurons l’opportunité de contribuer à une exposition en hommage aux personnes concernées par les mesures de coercition à [&hellip;]

Erzählbistro

Évènements

Ein Begegnungsort für die Betroffenen fürsorgerischer Zwangsmassnahmen
